-3
Let z = 5667 + -5658. Let g(u) = 7*u - 57. Determine g(z).
6
Let m(p) = -5*p - 6. Let i(a) = a**3 - 42*a**2 - 6*a + 258. Let d be i(42). What is m(d)?
-36
Suppose 40 = -f + 5*i, -160*f - 3*i = -165*f - 90. Let x(n) = 4*n + 48. Give x(f).
-12
Let b(m) = -37*m**3 - 5*m**2 - 39*m - 44. Let j(a) = -6*a**3 + 2*a**2 - 3*a + 1. Let d(u) = b(u) - 6*j(u). What is d(-16)?
30
Let n = -555 - -756. Suppose -6 = -n*c + 203*c. Let q(t) = -5*t - 4. Let d(m) = -m. Let h(i) = 2*d(i) - q(i). Calculate h(c).
-5
Let s(n) be the third derivative of -13*n**4/12 + 19*n**3/2 + 3334*n**2. What is s(2)?
5
Let g(c) = c**2 - 7*c - 3. Suppose 2*b - 130 = 4. Let w = b - 47. Let f = -13 + w. Determine g(f).
-3
Let m(x) = -3 + 0 + x**2 + 14*x**3 + 2 - x. Suppose -t + 182 = 170, -5*j = t - 7. Calculate m(j).
-13
Let u be (-1)/(-2)*42/3. Let d(w) = 7*w**2 - 13*w + 1. Let a be d(4). Let h(t) = 7 + 6*t + 3 + 60*t**2 - a*t**2. Calculate h(u).
3
Let p(z) = 9*z + z + 20 - 21*z + 10*z. Suppose 333 + 162 = 54*f - 9*f. What is p(f)?
9
Let k(f) = -f**2 + 11*f - 10. Suppose 9*z + 12*z - 153 = 4*z. Give k(z).
8
Let s(o) = o**3 - 5*o**2 - o. Let i(f) = -f**2 - 9*f - 13. Suppose -250 = -5*r - p - 4*p, -4*r + 198 = 3*p. Suppose z - 9*z - r = 0. Let n be i(z). Give s(n).
-5
Let q(l) be the first derivative of -2*l**2 - 7*l + 448. Give q(-5).
13
Let d(s) = s + 1. Suppose 837 = -5*v - 2*z, 7*z - 3*z = 3*v + 523. Let o be 2/(-13) - (-143)/v. Calculate d(o).
0
Let b(x) = -13*x**2 + 18*x - 9. Suppose 36*a - 40*a = 20. Let n(f) = 21*f**2 - 27*f + 13. Let u(l) = a*n(l) - 8*b(l). Calculate u(-9).
7
Let m(z) = 2*z + 5. Let y(a) = a**2 + 16*a + 55. Let p be y(-6). Let k(u) = u**3 + 4*u**2 - 2*u + 11. Let t be k(p). Determine m(t).
-3
Let j(o) = 5*o + 7. Let a(b) = -b**3 - 20*b**2 - 21*b - 2. Let l be a(-11). Let c = l + 857. Give j(c).
-8
Let u(j) = 236 + 5*j + 64 - 22*j + 47*j - 6. What is u(-9)?
24
Let t(a) = a**3 - 7*a**2 + 10*a - 8. Suppose 0 = -32*o + 35*o - 345. Suppose -6*j + o = 79. Give t(j).
16
Suppose 7 = 2*k + 9. Let y = -5 - k. Let n(c) = -3*c**3 + c**2 - 5*c + 27. Let g(l) = -7*l**3 + 5*l**2 - 11*l + 65. Let r(t) = -2*g(t) + 5*n(t). What is r(y)?
1
Let t(b) = -3*b - 1969*b**3 - 2*b + 21 + 10*b**2 + 35 + 3938*b**3 - 1968*b**3. Give t(-11).
-10
Let k be (-90)/10*(0 + 1). Let v(s) be the third derivative of 0*s - 1/2*s**3 + 1/60*s**5 + 0 + 3/8*s**4 - 132*s**2. Determine v(k).
-3
Let d(h) = -h**2 + 5*h - 1. Let i(v) = v**2 + 24*v + 121. Suppose 5*o + 49 = -36. Let z be i(o). Determine d(z).
5
Let w = -90 - -102. Let f be w/96 - (-402)/(-16). Let j = f - -35. Let q(s) = s**2 - 10*s + 4. Give q(j).
4
Let o(d) be the third derivative of d**7/2520 + d**6/180 - d**5/30 + 139*d**4/24 - 2*d**2 - 119. Let c(u) be the second derivative of o(u). What is c(-5)?
1
Let g(m) be the second derivative of -11*m - 1 + 1/6*m**4 + 1/6*m**3 - m**2. What is g(-2)?
4
Let s(g) be the first derivative of -g**4/4 - 2*g**3 + g**2/2 + g - 137. What is s(-3)?
-29
Let z(n) = 2*n + 7. Let y(l) = -4*l**2 + 216*l - 1319. Let m be y(7). Determine z(m).
1
Suppose -3 = -f - 3*n - 10, -7 = -5*f - n. Let b(d) be the first derivative of 5*d**f - 24 - 3*d**3 - 10*d + 1/4*d**4. Calculate b(8).
6
Let h(r) = -61 + 82 - 5*r - 24. Determine h(7).
-38
Let j be 0/197*1/(-3)*-1. Let f(g) be the second derivative of 11/2*g**2 - 30*g + j + 4/3*g**3 + 1/20*g**5 - 5/6*g**4. Determine f(9).
2
Suppose 68*v = 73*v - 15. Let m(q) = q**2 - 57194 - q + 57194 + q**v. Give m(2).
10
Suppose 0 = -5*j + 4 - 24. Let g be 228/39 + (-7 - 186/(-26)). Let z(x) = 6*x + 98*x**2 + 66*x**2 + g - 163*x**2. Determine z(j).
-2
Let m(n) = n**2 + 5*n + 1. Let r be 2/1 + 27 + (-6 - -6). Suppose 0*u - 5*u = 4*x - r, -2*x - 13 = -3*u. Suppose d - x = -5. What is m(d)?
-3
Let v(r) = 2*r**2 - 65*r - 57. Let h(y) = 32*y + 26. Let d(l) = -7*h(l) - 3*v(l). Determine d(-5).
-16
Let k(p) = 54*p + 93. Let x(f) = -17*f - 30. Let u(h) = -6*k(h) - 19*x(h). Let n(q) = 2*q**2 + 5*q. Let l be n(-4). Determine u(l).
0
Suppose -9*y + 160 + 2639 = 0. Let n = y - 312. Let s(b) = 9*b**2 - b. Give s(n).
10
Let j(v) be the third derivative of -v**4/6 + 59*v**3/6 - 2*v**2 + 11*v + 45. What is j(16)?
-5
Let r(k) = -25*k + 52. Let z(t) = 28*t + 871. Let p be z(-31). What is r(p)?
-23
Let y(v) = -v**2 + 2*v - 5. Let a be 51/7 + 8/(-28). Let s = -8 + a. Let k be (s - -2)/(3/12). Determine y(k).
-13
Let v be 242 + (-6 + 2)*6/12. Let s be (-48)/v + 2/10*16. Let j(t) = -9*t + 4. Give j(s).
-23
Let h(o) = -218*o - 4360. Let j be h(-20). Let r(i) = i**2 + 9*i + 4. What is r(j)?
4
Let i(b) = 4*b + 5. Let m be ((-6)/(-4))/(1/(-2)). Let z be i(m). Let p(j) = j + 12. Let r be p(z). Let s(g) = g**3 - 6*g**2 + 5*g + 1. Determine s(r).
1
Suppose 0 = 37*d - 29*d + 5760. Let c = d - -728. Let z(v) be the third derivative of v**5/60 - 3*v**4/8 + 3*v**3/2 - v**2. Determine z(c).
1
Suppose 5*b - 6*d = -7*d + 21, 3*b - 7 = -2*d. Let x = 9 - 1. Let z(m) = 8*m - 2 - 15*m + x*m. Give z(b).
3
Let o(l) = 23*l + 10. Let m = 21825 + -21826. Give o(m).
-13
Let q(t) = -t**3 - 4*t**2 - t + 4. Let p(s) = -s**3 + 22*s + 257 + 2*s**3 - 300 - 21*s**2. Let v be p(20). Calculate q(v).
-2
Let i(y) be the first derivative of y**5/120 + 13*y**4/24 + 44*y**3 + 47. Let x(l) be the third derivative of i(l). Give x(-17).
-4
Let j(i) = i**2 - 12*i - 7. Suppose -4*w + 2*w + u = 12, -5*u + 25 = -3*w. Let a be 13 + 0*w/20. What is j(a)?
6
Let c be 0 + (-7 - -7)/12. Let k(i) = i**3 + i - 7. Let d(f) = 2*f**3 + 2*f - 15. Let x(n) = 2*d(n) - 5*k(n). Give x(c).
5
Suppose -2*m + 7*m = 0. Let n(x) = 64 - 30 - 29 + 3*x + m*x. What is n(-4)?
-7
Let i(p) = -3*p**2 - 36*p - 12. Let w be (1/4 + 67/(-12))*(-66)/(-44). Calculate i(w).
84
Let a(r) = r**3 + 5*r**2 - 16*r. Let i(k) = 2*k**3 + 156*k**2 - 319*k + 73. Let z be i(-80). Give a(z).
14
Let r(v) = -30*v**3 + 28*v**2 - v - 620. Let j(s) = 47*s**3 - 41*s**2 + s + 929. Let d(k) = 7*j(k) + 11*r(k). Determine d(20).
3
Let o(n) = 54541*n**2 - 41*n - 54543*n**2 + 27*n - 1. What is o(-11)?
-89
Let v(w) be the first derivative of -3/2*w**2 - 3*w - 165. Determine v(-6).
15
Suppose -14 = -3*m + 2*m. Let q(p) be the first derivative of 2*p**2 + 2*p**2 - 3 + p + m + 6. What is q(-1)?
-7
Let u(c) = 51*c - 2. Suppose -2*l + 28 = -4*n, -4*l - 168 = 4*n - 152. What is u(l)?
100
Suppose -526*r + 523*r = 3. Let j(c) = 5*c + 2. Let a(y) = -y + 2. Let x(u) = r*j(u) - 2*a(u). What is x(6)?
-24
Let w(x) = x**2 - 18*x + 28. Let g = -4412 + 4429. Calculate w(g).
11
Let j(d) = -2*d**3 - 2*d**2 + 1. Let z(w) = -2*w**3 - w + 1. Let p(y) = 2*j(y) - z(y). Determine p(1).
-4
Let z be (-2)/(-3 - -1)*3608/82. Let j(i) = i**2 + 17*i - z*i + 27*i + 1. Suppose a + 3*o - 10 = 0, 2*a + 5*o - 18 = a. Calculate j(a).
5
Let k(w) = 57 + 0*w - 18 - 21 + 2*w - 16. Suppose 5*d - 20 = -3*j, 0 = -d - 3*j - 3 + 7. Calculate k(d).
10
Let j be (0 + (2 - 2))/1. Let p(i) be the first derivative of -i**2/2 + 2*i - 7307. Give p(j).
2
Let d = -3716 - -3713. Let y(m) = -2*m**2 - 6*m - 5. Give y(d).
-5
Let x(h) = h**2 + 4*h - 67. Let g = 2888 - 2881. What is x(g)?
10
Let m be (-1 + (-10)/(-4))/(24/(-1008)*7). Let q(p) = 11*p - 13. Give q(m).
-112
Let a be (-246 + (-7 - -2))/(-1). Suppose -4*m = a - 259. Let o(t) = -6*t**2 - 1. Calculate o(m).
-25
Let d(w) = 14*w**2 - 7*w + 17. Let k(o) = 5*o**2 - 2*o + 6. Let n(j) = -6*d(j) + 17*k(j). Let p be (-4)/5*9525/1524. Calculate n(p).
-15
Let x(g) = 25*g - 45*g - 131 + 0*g + 6*g + 5*g. Determine x(-15).
4
Let s(u) be the second derivative of -28*u - 11/6*u**3 + 0 - 4*u**2 + 1/2*u**4 + 1/20*u**5. Calculate s(-7).
20
Let n(b) = b - 6. Let o be n(8). Let q(t) = -2*t**2 + t - 4 + 0*t + 3*t**o. Let g = 101 - 104. Give q(g).
2
Let v be (2 - 1 - 0) + -13. Let u be (0 - -1)/(2/v). Let l(h) be the third derivative of -h**5/60 - h**4/4 - h**3/3 - 7*h**2 - 10*h. Determine l(u).
-2
Let v be -3*(2/(-9))/(1/(-21)). Let f(q) = q**3 + 15*q**2 + 9*q - 62. What is f(v)?
8
Let s(d) = -2*d + 1. Let h(c) = -25*c + 3. Let k be h(0). Let u be 3/(k/6 + (-2 - -3)). Calculate s(u).
-3
Let r(p) = p + 1. Let w(d) = 5*d + 2. Let a(n) = -n. Let h(u) = 4*a(u) + w(u). Let g(f) = 5*h(f) - 8*r(f). Give g(3).
-7
Let r(u) = -1 + 270*u + 9 - 128*u - 147*u + 5. Calculate r(-8).
53
Suppose -4*p + 2*f - 2 = 0, 3*p = 2*p - 5*f + 27. Let m(t) =